/(-5*2). Calculate the highest common divisor of w and 40.
20
Let b(j) = j - 5*j - 2 + 1 + 6*j**2 + 3*j - j**3. Let z be b(4). What is the greatest common factor of z and 3?
3
Let z be 12 + 1/(-2)*-6. Calculate the greatest common divisor of z and 120.
15
Suppose -19 = j + 3*g, 3*j + 3*g = 8 - 35. Let o(c) = -2*c - 3. Let f be o(j). Calculate the highest common divisor of f and 10.
5
Let m = 14 - 5. Calculate the greatest common factor of 3 and m.
3
Let x be 6/(-4)*(-104)/6. Calculate the highest common factor of x and 104.
26
Suppose 0 = 4*x + 4*p - 120, -4*x + 3*p = -113 - 28. Calculate the greatest common factor of 6 and x.
3
Suppose 0 = -6*y - 56 + 344. Calculate the greatest common factor of 72 and y.
24
Let p be (-3)/(-7) - (-200)/56. Suppose -5*o + 2 = -3, 0 = 3*x - 3*o - 93. Calculate the highest common divisor of p and x.
4
Suppose 2*r - 39 - 111 = 0. Calculate the highest common divisor of 45 and r.
15
Suppose 0 = -2*i - 3*x + 23, i = -5*x + 40 - 11. Suppose 5*c - 5*o - 62 = -22, 32 = i*c - 2*o. Calculate the greatest common divisor of c and 8.
8
Let q(b) = b**3 + 1. Let p be q(1). Let d be ((-4)/10)/(p/(-50)). Let n = -4 + 6. What is the highest common factor of d and n?
2
Let v = -9 - -14. Let s be (-50)/(-4)*8/10. Calculate the highest common divisor of v and s.
5
Let f = -7 + 10. Let n = -10 - -6. Let g(w) = w**3 + 4*w**2 - w - 2. Let o be g(n). What is the greatest common divisor of f and o?
1
Let z = -26 + 42. Calculate the highest common factor of 16 and z.
16
Suppose -4*o + 450 = 4*k + k, -2*o = -2*k - 216. Suppose 109 = 4*j - a, -5*j + a = 5*a - o. Calculate the highest common divisor of j and 39.
13
Suppose 3*b + 2*b = s + 1, -4*b - 10 = -2*s. Calculate the greatest common divisor of s and 9.
9
Let u = -9 - -13. What is the highest common factor of 16 and u?
4
Let i(m) = -m**2 - 7*m - 9. Let n be i(-8). Let g = 23 + n. What is the greatest common factor of 2 and g?
2
Suppose -18 = -2*d + 6. Calculate the highest common factor of 12 and d.
12
Let f = -1 - -4. Suppose 8 = -i + f*i. What is the highest common factor of 20 and i?
4
Let a be (-1)/2*0/(-2). Suppose 0*i - 8 = -2*i. Suppose v - y - y - 116 = a, -i*y + 128 = v. What is the greatest common divisor of v and 12?
12
Let c(w) = w**3 - 8*w**2 + 7*w + 9. Let s be c(7). Let d = s - 8. What is the highest common divisor of d and 2?
1
Let q be ((-15)/(-2))/((-1)/(-2)). What is the greatest common factor of q and 135?
15
Suppose -3*l + 2*u = 5, 0 = -l - 2*u + 5 - 4. Let h be (-203)/(-6) - l/6. Let m = 123 - 72. Calculate the greatest common divisor of m and h.
17
Let y(j) = 2*j**2 + 2*j - 8. Let g be y(-4). Let v(b) = 21*b**2 - 3*b - 4. Let u be v(3). What is the greatest common divisor of u and g?
16
Suppose 2*p - 60 + 8 = 0. Calculate the greatest common factor of p and 65.
13
Suppose -3*x = -4*d + 381, -2*x + 120 - 11 = d. Suppose -4*b + 13 = -d. What is the highest common factor of 4 and b?
4
Suppose 4*i - 16 = 0, -65 = -y - 2*i + 42. Calculate the highest common divisor of 9 and y.
9
Let u = 3 - -8. Suppose 3*d - 258 = 3. Let z = 164 - d. What is the highest common divisor of u and z?
11
Let g(c) = 12*c**2 + 5*c - 2. Let z be g(3). Let o = -25 + z. Calculate the highest common factor of 12 and o.
12
Suppose 3*d = -5*h + 16, -d - 7*h + 4 = -4*h. What is the greatest common divisor of 28 and d?
7
Let z = 18 + -2. Suppose -2*s = -3*n - n + 8, -z = s - 5*n. Suppose v + 216 = s*v. What is the highest common factor of v and 9?
9
Let k be (-37)/(-2)*-1*-2. Suppose 0 = -4*u + 83 + k. Calculate the highest common divisor of u and 30.
30
Let r = -85 - -124. Let u be 10/35 + (-570)/(-14). Suppose -3*a + t + u = 0, -5*a + 0*a = 4*t - 57. Calculate the highest common divisor of r and a.
13
Let g be 6/4*(-20)/(-3). Let w be (-5)/(30/9)*-2. Suppose w*d - 290 = 4*p - 20, -2*d = p - 180. Calculate the greatest common factor of g and d.
10
Suppose -2*p + 42 = -5*t, 0*t = 4*p - 3*t - 56. Calculate the greatest common factor of p and 11.
11
Let h(r) = -r**2 + 5*r - 2. Let j be h(6). Let p = j + 12. Suppose -p*b = -21 - 331. What is the highest common divisor of b and 8?
8
Let r be (-2)/(-9) + (-244)/(-36). Let q(d) = d**3 + 9*d**2 - 2*d + 3. Let y be q(-9). Suppose -3*z - y = -126. Calculate the highest common factor of r and z.
7
Let j(s) = 49*s - 1. Let p be j(9). Suppose 3*l = -l + p. What is the highest common divisor of l and 22?
22
Let q = 42 - -36. Calculate the greatest common divisor of q and 26.
26
Let q be 0 + -2 + 1 + 71. Let u be (0 + -6)*4/(-6). Suppose u*g + 3 = 43. Calculate the highest common divisor of g and q.
10
Let t = 4 + 13. Let v = 23 - t. Calculate the highest common divisor of v and 18.
6
Let s = 114 - 49. What is the greatest common divisor of 26 and s?
13
Suppose 0*t + 3*t = 12. Suppose -18 = -5*x - 2*f - 1, t*f = 2*x - 26. Suppose -l = l + c - 93, -c = -x. Calculate the greatest common divisor of 4 and l.
4
Let b = 1 - -1. Suppose 3*h = 41 - b. Suppose -5*g + z + 12 = 0, 2 = 5*z - h. What is the highest common factor of 3 and g?
3
Suppose 2*m = t - 20, 3*t + 4*m = 6*t - 58. Calculate the highest common divisor of 72 and t.
18
Let i(m) = 18*m - 41. Let h be i(3). Suppose 47 = 2*g + 5*u, 3*g + u - 82 = 5*u. What is the greatest common divisor of g and h?
13
Let l = -19 - -22. What is the highest common divisor of l and 12?
3
Let q = -14 + -59. Let g = -31 - q. Suppose v = -v + 12. Calculate the highest common factor of g and v.
6
Let l(f) = -f**3 + 25*f**2 + 27*f - 20. Let b be l(26). Calculate the highest common divisor of b and 15.
3
Let w(l) = 22*l**2 + 2*l - 2. Let d be w(1). Let v = 48 + d. Let g = -12 + 22. Calculate the greatest common factor of g and v.
10
Suppose 0 = 4*j - 7*j - 24. Let b = -4 - j. Suppose b*v - 11 = 121. What is the highest common divisor of v and 3?
3
Let k = 6 - 0. What is the highest common factor of 12 and k?
6
Let r = -56 + 155. Calculate the greatest common divisor of r and 11.
11
Let n = -99 + 216. Calculate the greatest common divisor of n and 13.
13
Let k = 27 + -24. What is the highest common divisor of k and 15?
3
Suppose -3*x + 20 = 2*x. Let i be (-9 - x)/((-2)/2). Calculate the highest common factor of 104 and i.
13
Let m(l) = -2*l - 2. Let b be m(-7). Calculate the greatest common divisor of 18 and b.
6
Let j be (-6)/15*(-7 - -2). Suppose 6*m + 47 = 3*n + m, j*n - 10 = -2*m. Let g be 6/n - (-26)/6. What is the greatest common factor of 40 and g?
5
Suppose 5*z + l - 423 = 0, -5*z + 4*l = -z - 348. What is the greatest common divisor of z and 5?
5
Let i be 2/5*(72 - 2). Suppose -5*z - i = -193. Suppose -3*x = -x - d - 11, -10 = -5*x - d. Calculate the greatest common factor of z and x.
3
Let h be 11/(-3) + (-6)/(-9). Let w be (h/(-2) + -1)*34. Let u = 138 - 70. Calculate the highest common factor of w and u.
17
Let b(d) = -d + 6. Let l be -2 + 12/3*2. Let q be b(l). Let j be (7 + q + -1)*1. Calculate the highest common divisor of 54 and j.
6
Let g be -2 - (-23 + -4 - -3). What is the greatest common divisor of g and 33?
11
Let a = 7 - -25. What is the greatest common divisor of a and 80?
16
Suppose -5*s + 142 = -j + 3*j, 0 = s - 5*j - 23. What is the greatest common divisor of s and 14?
14
Let s be (2/(-4))/(8/(-192)). What is the highest common factor of 54 and s?
6
Let i = -93 + 173. Suppose -2*t + 11 = -9. What is the highest common divisor of i and t?
10
Let d be (2/6)/((-14)/(-84)). Let b be d + 2 + 8 + -1. Calculate the greatest common factor of b and 11.
11
Let q be (-11532)/(-90) - (-8)/(-60). What is the highest common divisor of 16 and q?
16
Suppose -3*m = -m + 14. Let b = 1 + m. Let k = 15 + b. Calculate the highest common divisor of 36 and k.
9
Suppose -5*x + n + 3 = -18, -5*x + 4*n = -24. Let q be -1 - (-4)/6*3. What is the highest common divisor of x and q?
1
Suppose -1 - 47 = -3*h. Suppose l - 4*u = h, 5*l - 26 = l - 3*u. Let q be (2 + (-9 - -8))*1. Calculate the highest common factor of l and q.
1
Suppose 5*x + 3 = 8, -3*y + 5*x + 19 = 0. What is the greatest common divisor of y and 56?
8
Suppose 0*j - 3*j + 36 = 0. Let q be 32/(-6)*2*-9. What is the highest common divisor of j and q?
12
Let t(s) = 4*s**2 - s - 3. Let g be t(3). Suppose 0 = -0*a + a - 15. Calculate the greatest common divisor of g and a.
1